{"id":56,"date":"2019-11-17T22:37:58","date_gmt":"2019-11-17T21:37:58","guid":{"rendered":"http:\/\/lacarotteetlelapin.fr\/?page_id=56"},"modified":"2021-11-06T00:59:08","modified_gmt":"2021-11-05T23:59:08","slug":"devenir-adherent","status":"publish","type":"page","link":"https:\/\/lacarotteetlelapin.fr\/index.php\/devenir-adherent\/","title":{"rendered":"Devenir adh\u00e9rent"},"content":{"rendered":"\t\t<div data-elementor-type=\"wp-page\" data-elementor-id=\"56\" class=\"elementor elementor-56\" data-elementor-settings=\"[]\">\n\t\t\t\t\t\t<div class=\"elementor-inner\">\n\t\t\t\t\t\t\t<div class=\"elementor-section-wrap\">\n\t\t\t\t\t\t\t<section class=\"elementor-section elementor-top-section elementor-element elementor-element-a423b44 elementor-section-boxed elementor-section-height-default elementor-section-height-default\" data-id=\"a423b44\" data-element_type=\"section\">\n\t\t\t\t\t\t<div class=\"elementor-container elementor-column-gap-default\">\n\t\t\t\t\t\t\t<div class=\"elementor-row\">\n\t\t\t\t\t<div class=\"elementor-column elementor-col-100 elementor-top-column elementor-element elementor-element-8c46f4e\" data-id=\"8c46f4e\" data-element_type=\"column\">\n\t\t\t<div class=\"elementor-column-wrap elementor-element-populated\">\n\t\t\t\t\t\t\t<div class=\"elementor-widget-wrap\">\n\t\t\t\t\t\t<div class=\"elementor-element elementor-element-d7d3022 elementor-widget elementor-widget-image\" data-id=\"d7d3022\" data-element_type=\"widget\" data-widget_type=\"image.default\">\n\t\t\t\t<div class=\"elementor-widget-container\">\n\t\t\t\t\t<div class=\"elementor-image\">\n\t\t\t\t\t\t\t\t\t\t<img width=\"855\" height=\"480\" src=\"https:\/\/lacarotteetlelapin.fr\/wp-content\/uploads\/2020\/11\/Etiquette_adherent.png\" class=\"attachment-full size-full\" alt=\"\" loading=\"lazy\" srcset=\"https:\/\/lacarotteetlelapin.fr\/wp-content\/uploads\/2020\/11\/Etiquette_adherent.png 855w, https:\/\/lacarotteetlelapin.fr\/wp-content\/uploads\/2020\/11\/Etiquette_adherent-300x168.png 300w, https:\/\/lacarotteetlelapin.fr\/wp-content\/uploads\/2020\/11\/Etiquette_adherent-768x431.png 768w\" sizes=\"(max-width: 855px) 100vw, 855px\" \/>\t\t\t\t\t\t\t\t\t\t\t<\/div>\n\t\t\t\t<\/div>\n\t\t\t\t<\/div>\n\t\t\t\t<div class=\"elementor-element elementor-element-2cc1b00 elementor-widget elementor-widget-heading\" data-id=\"2cc1b00\" data-element_type=\"widget\" data-widget_type=\"heading.default\">\n\t\t\t\t<div class=\"elementor-widget-container\">\n\t\t\t<h2 class=\"elementor-heading-title elementor-size-default\">Devenir membre de la Carotte et le Lapin<\/h2>\t\t<\/div>\n\t\t\t\t<\/div>\n\t\t\t\t<div class=\"elementor-element elementor-element-08f211b elementor-widget elementor-widget-text-editor\" data-id=\"08f211b\" data-element_type=\"widget\" data-widget_type=\"text-editor.default\">\n\t\t\t\t<div class=\"elementor-widget-container\">\n\t\t\t\t\t<div class=\"elementor-text-editor elementor-clearfix\"><p>Si vous souhaitez participer \u00e0 cette belle aventure et adh\u00e9rer, venez nous rencontrer \u00e0 l&rsquo;\u00e9picerie aux heures d&rsquo;ouverture :<br \/><strong>81 rue Joseph Brunet 33300 Bordeaux<\/strong><\/p><p><span class=\"s1\"><strong>Lundi :<\/strong> 15h00-19h00<br \/><strong>Mardi :<\/strong> 10h00-13h00<br \/><strong>Mercredi :<\/strong> 15h00-19h00<br \/><strong>Jeudi :<\/strong> 10h00-13h00<br \/><strong>Vendredi :<\/strong> 15h00-19h00<br \/><strong>Samedi :<\/strong>\u00a010h00-13h00<\/span><\/p><\/div>\n\t\t\t\t<\/div>\n\t\t\t\t<\/div>\n\t\t\t\t<div class=\"elementor-element elementor-element-319a496 elementor-widget elementor-widget-text-editor\" data-id=\"319a496\" data-element_type=\"widget\" data-widget_type=\"text-editor.default\">\n\t\t\t\t<div class=\"elementor-widget-container\">\n\t\t\t\t\t<div class=\"elementor-text-editor elementor-clearfix\"><p>Si vous le d\u00e9sirez, vous pouvez t\u00e9l\u00e9charger le bulletin d&rsquo;adh\u00e9sion en cliquant sur le lien ci-dessous. Vous pourrez ensuite vous rendre au magasin pour le d\u00e9poser et r\u00e9gler votre cotisation.<\/p><\/div>\n\t\t\t\t<\/div>\n\t\t\t\t<\/div>\n\t\t\t\t<div class=\"elementor-element elementor-element-ff4f511 elementor-align-center elementor-widget elementor-widget-button\" data-id=\"ff4f511\" data-element_type=\"widget\" data-widget_type=\"button.default\">\n\t\t\t\t<div class=\"elementor-widget-container\">\n\t\t\t\t\t<div class=\"elementor-button-wrapper\">\n\t\t\t<a href=\"https:\/\/drive.google.com\/file\/d\/1Ev_dxzEnGkt03RETRw9UBQDQ041OUL6Z\/view?usp=sharing\" class=\"elementor-button-link elementor-button elementor-size-md\" role=\"button\">\n\t\t\t\t\t\t<span class=\"elementor-button-content-wrapper\">\n\t\t\t\t\t\t<span class=\"elementor-button-text\">bulletin d'adh\u00e9sion<\/span>\n\t\t<\/span>\n\t\t\t\t\t<\/a>\n\t\t<\/div>\n\t\t\t\t<\/div>\n\t\t\t\t<\/div>\n\t\t\t\t<div class=\"elementor-element elementor-element-6a9f8ef elementor-widget elementor-widget-text-editor\" data-id=\"6a9f8ef\" data-element_type=\"widget\" data-widget_type=\"text-editor.default\">\n\t\t\t\t<div class=\"elementor-widget-container\">\n\t\t\t\t\t<div class=\"elementor-text-editor elementor-clearfix\"><p><strong>VOUS AVEZ DES COMP\u00c9TENCES PARTICULI\u00c8RES QUE VOUS SOUHAITEZ METTRE \u00c0 LA DISPOSITION<\/strong><br \/><strong>DE L\u2019ASSOCIATION, OU SIMPLEMENT L\u2019ENVIE ET LA BONNE HUMEUR ?<\/strong><\/p><p>N\u2019h\u00e9sitez pas \u00e0 nous rendre visite\u00a0 pour qu&rsquo;on discute de l&rsquo;\u00e9picerie.<\/p><\/div>\n\t\t\t\t<\/div>\n\t\t\t\t<\/div>\n\t\t\t\t\t\t<\/div>\n\t\t\t\t\t<\/div>\n\t\t<\/div>\n\t\t\t\t\t\t\t\t<\/div>\n\t\t\t\t\t<\/div>\n\t\t<\/section>\n\t\t\t\t\t\t<\/div>\n\t\t\t\t\t\t<\/div>\n\t\t\t\t\t<\/div>\n\t\t","protected":false},"excerpt":{"rendered":"<p>Devenir membre de la Carotte et le Lapin Si vous souhaitez participer \u00e0 cette belle aventure et adh\u00e9rer, venez nous<\/p>\n","protected":false},"author":2,"featured_media":0,"parent":0,"menu_order":0,"comment_status":"closed","ping_status":"closed","template":"elementor_header_footer","meta":[],"_links":{"self":[{"href":"https:\/\/lacarotteetlelapin.fr\/index.php\/wp-json\/wp\/v2\/pages\/56"}],"collection":[{"href":"https:\/\/lacarotteetlelapin.fr\/index.php\/wp-json\/wp\/v2\/pages"}],"about":[{"href":"https:\/\/lacarotteetlelapin.fr\/index.php\/wp-json\/wp\/v2\/types\/page"}],"author":[{"embeddable":true,"href":"https:\/\/lacarotteetlelapin.fr\/index.php\/wp-json\/wp\/v2\/users\/2"}],"replies":[{"embeddable":true,"href":"https:\/\/lacarotteetlelapin.fr\/index.php\/wp-json\/wp\/v2\/comments?post=56"}],"version-history":[{"count":42,"href":"https:\/\/lacarotteetlelapin.fr\/index.php\/wp-json\/wp\/v2\/pages\/56\/revisions"}],"predecessor-version":[{"id":664,"href":"https:\/\/lacarotteetlelapin.fr\/index.php\/wp-json\/wp\/v2\/pages\/56\/revisions\/664"}],"wp:attachment":[{"href":"https:\/\/lacarotteetlelapin.fr\/index.php\/wp-json\/wp\/v2\/media?parent=56"}],"curies":[{"name":"wp","href":"https:\/\/api.w.org\/{rel}","templated":true}]}}